 remainder when d is divided by g?
19
Let c(d) = -d**2 - 4*d - 3. Let y be c(-3). Suppose y = w + w - 22. Let j(r) = -4*r + 4. Calculate the remainder when j(-4) is divided by w.
9
Let p(y) = -y**2 - 15*y - 4. Let r = 98 - 69. Calculate the remainder when r is divided by p(-14).
9
Let u(h) = h**3 - 6*h**2 + 2*h - 7. Let x be u(6). Suppose t + x = 28. What is the remainder when t is divided by 6?
5
Let t(s) = s**2 - 5*s - 2. Suppose 1 - 8 = a + 2*l, 4*a = -l - 7. Let q(o) = 6*o**2. Let w be q(a). Calculate the remainder when 6 is divided by t(w).
2
Suppose c - 104 = -3*c. Suppose -30 = -9*l + 51. What is the remainder when c is divided by l?
8
Let j(f) be the third derivative of f**5/60 + f**4/24 + 49*f**3/6 - 4*f**2. What is the remainder when j(0) is divided by 13?
10
Suppose 0 = i - 3*i + 2*j + 54, j = -5*i + 105. Calculate the remainder when 53 is divided by i.
9
Suppose 4*w - 13 = 27. Calculate the remainder when 38 is divided by w.
8
Suppose 5*j - 7 = 93. What is the remainder when 64 is divided by 5/j + 174/8?
20
Suppose -5*w = -w - 40. Calculate the remainder when w is divided by (-1)/(-2)*4*2.
2
Let f = 12 - 10. What is the remainder when 6 is divided by f?
0
Suppose 0 = -3*i + m + 1, 0 = i + 3*m + 2*m + 5. Suppose i = -7*a + 2*a + 50. What is the remainder when 19 is divided by a?
9
Let v(k) = -k**2 - k + 1. Let u(z) = -z**2 + 11*z - 17. Let i(t) = -u(t) + 2*v(t). Calculate the remainder when i(-10) is divided by 17.
15
Let k(b) = -3*b - 4. Let r be k(-3). Let v(d) = 3*d - 8. Calculate the remainder when 19 is divided by v(r).
5
Let q = -20 - -25. Calculate the remainder when 13 is divided by q.
3
Let d(j) = -2*j**3 - 5*j**2 - 4*j. Let y be 4/2*(-3)/3. Let f = y - 1. What is the remainder when 40 is divided by d(f)?
19
Let a(l) = -l**3 + 5*l**2 + 4*l - 6. Let i be a(5). Suppose -2*n + 46 = i. Suppose n = 4*y - 4. What is the remainder when 13 is divided by y?
3
Suppose g - 12 = -b - b, 2*b = -4*g + 36. Suppose -g - 16 = 3*r. Let s = r + 15. What is the remainder when 13 is divided by s?
6
Let t = 46 + -19. Suppose -2*x - x = -t. What is the remainder when x is divided by 6?
3
Suppose 4 = 4*j, 0*j = 3*f + 4*j - 109. Calculate the remainder when 67 is divided by f.
32
Suppose -2*x + 3 = g - 2, 0 = -2*g - 3*x + 14. What is the remainder when g is divided by 2?
1
Let r = -8 + 13. Let s(d) = 2*d - 4. Let k be s(5). Let q = -3 + k. Calculate the remainder when r is divided by q.
2
Let b(q) = -3*q**2 - 22*q - 17. Calculate the remainder when b(-6) is divided by 6.
1
Let t(j) = j**2 - 3*j + 7. What is the remainder when 32 is divided by t(5)?
15
Suppose 0 = -j - 3*j + 832. Suppose 4*h + 2*d - 6*d - j = 0, -5*h = 2*d - 239. Calculate the remainder when h is divided by 17.
15
Suppose 0 = -30*i + 19*i + 330. Calculate the remainder when i is divided by 9.
3
Suppose 4*o + 14 = -6. Let d = 10 + o. What is the remainder when 14 is divided by d?
4
Let c = 81 - 70. Let y = -4 - -3. Let w = 7 + y. What is the remainder when c is divided by w?
5
Let n = 7 - -6. Calculate the remainder when 36 is divided by n.
10
Let b(f) = 3*f**2 - 5*f - 4. Let c(j) = j**3 + 6*j**2 + 4*j - 2. Let z be c(-5). Suppose u - z - 1 = 0. What is the remainder when b(u) is divided by 13?
11
Suppose 3*u - 3*r - 18 = 72, -4*u + 2*r = -128. What is the remainder when u is divided by 9?
7
Let w = -23 - -34. Calculate the remainder when 19 is divided by w.
8
What is the remainder when 4*2*(-182)/(-56) is divided by 6?
2
Let g = -64 - -107. What is the remainder when g is divided by 15?
13
Let k(i) = 2*i. Suppose 12 = 2*o + 2*o. Suppose -o - 3 = -2*b. Calculate the remainder when 10 is divided by k(b).
4
Let f = 2 - 0. Calculate the remainder when 4 is divided by f.
0
Let z(k) = -4*k**3 - k**2 - 2*k - 1. Suppose -4*l + 11 = -1. What is the remainder when z(-1) is divided by 9*(4/l + -1)?
1
Suppose -3*t = 2*t - n - 104, -2*t + 24 = 4*n. Calculate the remainder when 58 is divided by t.
18
Suppose -3*l + 4*l + 2 = 0. Let p = l + 3. Let z = 2 + -1. What is the remainder when p is divided by z?
0
Let k(t) = -6 + 6*t**2 + 3*t**3 - 3*t**3 + t**3 - 8*t. Let b be k(-7). Calculate the remainder when 19 is divided by (20/(-6))/(b/(-3)).
9
Let u = 28 - 15. Calculate the remainder when u is divided by 8.
5
Suppose -o - 3*o = -f + 14, 4*o + 16 = 0. Calculate the remainder when ((-18)/(-30))/(f/(-50)) is divided by 8.
7
Let i be (-2 - 1)*(-2)/3. Suppose i*w + 0 = 2. Let s = 11 - 8. What is the remainder when s is divided by w?
0
Let a(w) = -2*w**3 - 4*w - 4. Let q(o) = -6*o**3 - o**2 - 11*o - 12. Let x(s) = -11*a(s) + 4*q(s). What is the remainder when 27 is divided by x(-3)?
13
Suppose 5*l + 189 = 4*f, 4 = 4*l + 8. Calculate the remainder when f is divided by 12.
10
Let x = 11 - 13. Let w(f) = 4*f**2 - 3*f + 1. Calculate the remainder when w(3) is divided by 14 + (2 + -3 - x).
13
Suppose 0 = 13*m - 9*m - 20. Calculate the remainder when 44 is divided by m.
4
Suppose -63 = 5*d - 198. Let g(k) = k + 88. Calculate the remainder when g(-8) is divided by d.
26
Suppose 3*q = -84 + 21. Let k = q - -38. What is the remainder when 32 is divided by k?
15
Let o(g) = -25*g**3 - g. Calculate the remainder when o(-1) is divided by 10.
6
Let x(f) = -4*f - 8. Let n be x(-9). Suppose 0 = -2*y - 0*y + n. What is the remainder when 26 is divided by y?
12
Let z = -16 + 31. Calculate the remainder when 59 is divided by z.
14
Let i(c) = c**3 + 6*c**2. Calculate the remainder when (6 + 65/(-2))*(0 - 2) is divided by i(-3).
26
Let w = -23 - -29. What is the remainder when 18 is divided by w?
0
Suppose -12 = -2*m - 4*w, -3*m + w - 31 = -7*m. Let n = m + -5. Let l = 7 + n. Calculate the remainder when 18 is divided by l.
8
Suppose 4*c - 2 - 6 = 0. Suppose 3*t - 2 = 7. Let a(v) = 3*v - 4. Calculate the remainder when a(t) is divided by c.
1
Let k(y) = y**3 + 9*y**2 + 5*y + 1. What is the remainder when 72 is divided by k(-8)?
22
Suppose 3*x - 4*k = -x + 48, -3*k = 0. Let d be (1 + 0 - 1) + -2. What is the remainder when (1 - 69)/d + 1 is divided by x?
11
Suppose 3*b - 63 = -b - 5*h, -5*h - 91 = -3*b. What is the remainder when (-2)/2*(-128)/2 is divided by b?
20
Let h be (3/(-2))/((-1)/2). Suppose -15 + h = -3*d. What is the remainder when 12 is divided by d*(-3)/(-6) - -5?
5
Let w be -109 + 6 + 3/(-1). Let g = 170 + w. Suppose -v + 5*v = 88. Calculate the remainder when g is divided by v.
20
Suppose 0*f - 2*f + 2*d = -20, 3*f = d + 26. Calculate the remainder when f is divided by 3.
2
Let h = -5 + 14. What is the remainder when 33 is divided by h?
6
Suppose -3*w - 204 = 3*v, -w - 73 - 7 = 4*v. Let d = w - -93. Let o(j) = -17*j - 1. Calculate the remainder when d is divided by o(-1).
13
Let t = 33 - 16. Let m be (-3 + 123/12)*8. Let u = m + -9. Calculate the remainder when u is divided by t.
15
Let u(i) = i - 1. Let q be u(-2). Let r(g) = 3*g**2 + 4*g + 1. What is the remainder when r(q) is divided by 6?
4
Suppose 3*g - 4*k - 13 = 0, k - 1 + 5 = 0. Calculate the remainder when (0 + g/3)*-219 is divided by 19.
16
Let b = 27 - -20. Calculate the remainder when b is divided by 24.
23
Calculate the remainder when 4 is divided by (-16)/12 - 10/(-3).
0
Suppose -3*c = -4*c + 4. Let q = 11 + c. Let j(n) = 2*n - 2. What is the remainder when q is divided by j(5)?
7
Suppose 5*z = l + 4*z - 20, 5*l = -2*z + 114. What is the remainder when 151 is divided by l?
19
What is the remainder when 15/(-6)*66/(-5) is divided by 18?
15
Let h = -5 + 1. Let i = 6 + h. Suppose 4*y = y + 9. Calculate the remainder when y is divided by i.
1
Suppose 3*c + 2*y + 17 = -0*c, c - 2*y = -3. Let r(q) = -q + 6. What is the remainder when 32 is divided by r(c)?
10
Suppose -2*b + 0*b = -16. Suppose 2*m = m + b. Calculate the remainder when m is divided by 3.
2
Suppose -l + z + 15 = l, 3*l - 21 = z. Calculate the remainder when (-1 + l)*(-14)/(-5) is divided by 4 - ((-1)/(-1) + -2).
4
Let j(c) = -5*c**2 - 4*c + 31. Let l(w) = -w**2 - w + 8. Let g(y) = -2*j(y) + 9*l(y). What is the remainder when g(0) is divided by 3?
1
Suppose -14 = -2*t + 48. Let l(s) = s**2 + 9*s - 4. Let u be l(-11). What is the remainder when t is divided by 189/u + 2/4?
9
Let u be -5 + 8 + 23*-1. Let l = 37 + u. What is the remainder when 31 is divided by l?
14
Let q(z) = z**3 + z**2